
What is the remainder when 9966 is divided by 4983?
0
Calculate the remainder when 2023 is divided by 11.
10
Calculate the remainder when 405 is divided by 171.
63
What is the remainder when 1541998 is divided by 12?
10
Calculate the remainder when 19752 is divided by 230.
202
Calculate the remainder when 245985 is divided by 35139.
12
Calculate the remainder when 21230 is divided by 287.
279
What is the remainder when 32586 is divided by 57?
39
What is the remainder when 8074 is divided by 274?
128
Calculate the remainder when 6132 is divided by 876.
0
What is the remainder when 739 is divided by 93?
88
Calculate the remainder when 62080 is divided by 1413.
1321
Calculate the remainder when 13936 is divided by 155.
141
Calculate the remainder when 1108 is divided by 11.
8
What is the remainder when 1873 is divided by 1843?
30
What is the remainder when 10427 is divided by 458?
351
What is the remainder when 506950 is divided by 1334?
30
What is the remainder when 3998 is divided by 577?
536
Calculate the remainder when 30490 is divided by 462.
460
What is the remainder when 473183 is divided by 279?
278
Calculate the remainder when 100747 is divided by 235.
167
Calculate the remainder when 10080 is divided by 414.
144
Calculate the remainder when 856 is divided by 217.
205
Calculate the remainder when 24482 is divided by 12238.
6
What is the remainder when 408981 is divided by 782?
777
Calculate the remainder when 24443 is divided by 62.
15
What is the remainder when 4161 is divided by 597?
579
What is the remainder when 93665 is divided by 551?
546
Calculate the remainder when 308 is divided by 247.
61
Calculate the remainder when 24598 is divided by 60.
58
What is the remainder when 9380 is divided by 427?
413
What is the remainder when 595 is divided by 178?
61
What is the remainder when 2332649 is divided by 28?
25
Calculate the remainder when 7479 is divided by 15.
9
Calculate the remainder when 8691 is divided by 1001.
683
What is the remainder when 749627 is divided by 416?
411
Calculate the remainder when 1199 is divided by 1078.
121
What is the remainder when 774 is divided by 273?
228
Calculate the remainder when 67449 is divided by 16862.
1
Calculate the remainder when 24476 is divided by 51.
47
Calculate the remainder when 16479 is divided by 12.
3
Calculate the remainder when 742 is divided by 74.
2
Calculate the remainder when 122408 is divided by 631.
625
What is the remainder when 59466 is divided by 1122?
0
What is the remainder when 1489164 is divided by 186145?
4
What is the remainder when 2279 is divided by 188?
23
Calculate the remainder when 34072 is divided by 34.
4
What is the remainder when 45720 is divided by 5075?
45
What is the remainder when 9375 is divided by 306?
195
What is the remainder when 2740 is divided by 882?
94
Calculate the remainder when 7288 is divided by 1212.
16
Calculate the remainder when 12914 is divided by 123.
122
Calculate the remainder when 224420 is divided by 11811.
11
Calculate the remainder when 432571 is divided by 36.
31
What is the remainder when 2317 is divided by 140?
77
What is the remainder when 3602 is divided by 1795?
12
What is the remainder when 703821 is divided by 16?
13
What is the remainder when 9042 is divided by 4516?
10
What is the remainder when 21340 is divided by 7111?
7
What is the remainder when 314577 is divided by 12?
9
What is the remainder when 89971 is divided by 12?
7
Calculate the remainder when 804180 is divided by 28.
20
What is the remainder when 88806 is divided by 11073?
222
What is the remainder when 62223 is divided by 91?
70
Calculate the remainder when 7254 is divided by 147.
51
Calculate the remainder when 341242 is divided by 989.
37
Calculate the remainder when 21988 is divided by 7325.
13
Calculate the remainder when 7575 is divided by 55.
40
Calculate the remainder when 1818 is divided by 619.
580
Calculate the remainder when 2067 is divided by 98.
9
Calculate the remainder when 2135 is divided by 986.
163
What is the remainder when 6613 is divided by 57?
1
What is the remainder when 4720 is divided by 1167?
52
What is the remainder when 10230 is divided by 205?
185
Calculate the remainder when 17414 is divided by 471.
458
Calculate the remainder when 10754 is divided by 13.
3
What is the remainder when 28282 is divided by 28280?
2
Calculate the remainder when 17169 is divided by 27.
24
Calculate the remainder when 34490 is divided by 35.
15
What is the remainder when 1111 is divided by 26?
19
Calculate the remainder when 53262 is divided by 943.
454
What is the remainder when 101228 is divided by 20241?
23
Calculate the remainder when 91830 is divided by 5101.
12
Calculate the remainder when 10423 is divided by 4984.
455
Calculate the remainder when 20684 is divided by 55.
4
Calculate the remainder when 36963 is divided by 6.
3
Calculate the remainder when 6906 is divided by 798.
522
Calculate the remainder when 13697 is divided by 274.
271
What is the remainder when 287 is divided by 34?
15
What is the remainder when 5930 is divided by 2900?
130
Calculate the remainder when 1150903 is divided by 589.
586
What is the remainder when 2290 is divided by 739?
73
Calculate the remainder when 55960 is divided by 9325.
10
What is the remainder when 3200 is divided by 2077?
1123
Calculate the remainder when 614444 is divided by 195.
194
What is the remainder when 4166 is divided by 592?
22
Calculate the remainder when 11976 is divided by 249.
24
Calculate the remainder when 13667 is divided by 210.
17
Calculate the remainder when 1303 is divided by 296.
119
Calculate the remainder when 16755 is divided by 1675.
5
What is the remainder when 3228 is divided by 108?
96
Calculate the remainder when 9371 is divided by 361.
346
What is the remainder when 186185 is divided by 5472?
137
Calculate the remainder when 7533 is divided by 1076.
1
What is the remainder when 58751 is divided by 8393?
0
What is the remainder when 362919 is divided by 20?
19
What is the remainder when 4680 is divided by 175?
130
Calculate the remainder when 3089 is divided by 62.
51
Calculate the remainder when 598609 is divided by 13.
11
Calculate the remainder when 18695 is divided by 1335.
5
Calculate the remainder when 34266 is divided by 65.
11
Calculate the remainder when 609024 is divided by 517.
515
What is the remainder when 1703 is divided by 828?
47
What is the remainder when 437369 is divided by 17?
10
What is the remainder when 2454 is divided by 1189?
76
What is the remainder when 5354 is divided by 103?
101
What is the remainder when 4822 is divided by 1602?
16
Calculate the remainder when 3612 is divided by 689.
167
Calculate the remainder when 72925 is divided by 72923.
2
What is the remainder when 35389 is divided by 30?
19
What is the remainder when 84 is divided by 37?
10
Calculate the remainder when 3837 is divided by 958.
5
Calculate the remainder when 9739 is divided by 378.
289
Calculate the remainder when 4748 is divided by 58.
50
What is the remainder when 322577 is divided by 14?
3
Calculate the remainder when 14714 is divided by 84.
14
Calculate the remainder when 5297 is divided by 662.
1
What is the remainder when 14308 is divided by 474?
88
What is the remainder when 3297 is divided by 25?
22
What is the remainder when 92703 is divided by 598?
13
Calculate the remainder when 19469 is divided by 259.
44
Calculate the remainder when 2871 is divided by 957.
0
What is the remainder when 7542 is divided by 1858?
110
What is the remainder when 3557 is divided by 47?
32
What is the remainder when 2376 is divided by 527?
268
What is the remainder when 37747 is divided by 370?
7
Calculate the remainder when 36791 is divided by 3344.
7
What is the remainder when 144678 is divided by 87?
84
What is the remainder when 46583 is divided by 46573?
10
Calculate the remainder when 12822 is divided by 28.
26
What is the remainder when 20805 is divided by 34?
31
What is the remainder when 22957 is divided by 671?
143
What is the remainder when 34251 is divided by 199?
23
Calculate the remainder when 380142 is divided by 13.
9
What is the remainder when 29544 is divided by 63?
60
Calculate the remainder when 300349 is divided by 526.
3
What is the remainder when 992 i